 Let q = 1854 + v. Suppose 152 - q = -4*o. Is o composite?
True
Suppose 5*o + 3*y = 1785, -4*o + 1189 = -4*y - 239. Suppose 85 = 5*q - 210. Suppose q - o = -d. Is d composite?
True
Let t(l) be the second derivative of 11*l**3 - 5*l**2/2 - 21*l. Suppose -5 = -3*p + 1. Is t(p) a prime number?
True
Is (-2503 - 0)/((-2)/146) a composite number?
True
Let h(g) = -g**2 + g + 1. Let z(q) = 23*q**3 + 11*q**2 - 9*q + 3. Let r(k) = 5*h(k) + z(k). Let p be r(4). Let i = -1067 + p. Is i prime?
False
Suppose -85700 = -5*z - d, -2*z - 2*d - 4416 = -38704. Let r = z + -11758. Is r a composite number?
False
Let o(u) be the second derivative of 162*u**5/5 - u**4/4 + u**3/2 - u**2/2 + 17*u. Is o(1) a prime number?
True
Let x = -173 + 171. Is (7787/4*x)/(16/(-32)) a composite number?
True
Let z = 75327 - 20686. Is z composite?
True
Suppose -3*p = -0*p - 4*p. Suppose p = -16*i + 1455 + 18977. Is i prime?
True
Let g be (-6)/(-18) + 5/3. Let c(u) = -2*u + 0*u + u + 34*u**3 + u**2 - u - g. Is c(3) composite?
False
Let v be (-3*1)/(7/(-70)). Suppose -v*j = -33*j. Suppose 0*o + 4*o = 3*n + 2321, j = o + 3*n - 584. Is o a prime number?
False
Let u(s) = 32*s**2 - 51*s + 41. Is u(32) a prime number?
True
Let r = 12 + -32. Is 3972 + 5*(-8)/r a composite number?
True
Let x = -375 - -381. Is x - (-67609 + -6)/5 prime?
False
Let z(n) = -11*n**2 + 30. Let u be z(-5). Let o = -80 - u. Suppose -2*m + o = -449. Is m composite?
False
Suppose -32907 = 11*i + 5065. Let t = i - -11086. Let s = t + 3089. Is s a composite number?
False
Let n be 209/33 + (-4)/(-6). Suppose -n*x = 2*t - 2*x, -4*x = -t - 13. Is (-14301)/6*t/(30/4) a prime number?
False
Let r be (4/6 - 246/1)*12. Let y be -3 + (-9)/((-36)/r). Let o = y - -1910. Is o prime?
True
Suppose -10 = -2*h + c, 0*c + 4*c + 5 = h. Suppose -5*v = -0*v - 20, -h*v = -q + 317. Is q a composite number?
False
Let z(m) = -5*m - 15. Let c be z(-6). Let n(o) = o**2 - 17*o + 29. Let p be n(c). Let g(x) = -252*x - 1. Is g(p) composite?
False
Let s = -25 + 18. Let o(j) = 608 - 1229 + 578 - 96*j. Is o(s) a composite number?
True
Let q(a) = 4*a - 99. Let m be q(21). Is (-12759)/m - 6/(-15) prime?
False
Let s(v) be the second derivative of 23*v**4/4 + v**3/3 - 27*v**2 + 17*v - 6. Is s(13) prime?
True
Suppose v - 52135 = 55*r - 51*r, 4*v + 5*r = 208372. Is v a prime number?
True
Is 6060*(-14)/(-105)*5 - 3 a prime number?
False
Is 1 + 1 - (12 - 87352)/20 a prime number?
False
Let r = 12783 - 4628. Suppose -8*p + p = -r. Is p a prime number?
False
Let r = 28714 - -24145. Is r a prime number?
True
Let x = -84 + 96. Is (18/x)/(9/37182) prime?
True
Let a(b) = -10*b**3 + 9*b**2 - 6*b - 24. Let n(o) = -o**2 + 5*o - 11. Let q be n(0). Is a(q) composite?
True
Suppose -10*o + 61 = 11. Let u be (-6)/(-30) + 14/o. Suppose 5*b = u*b + 124. Is b prime?
False
Suppose 0*q = -6*q. Suppose q*b + 2*b - 21 = -u, -30 = -3*b - u. Let g(v) = -v**3 + 10*v**2 - 9*v + 14. Is g(b) composite?
True
Is (1 + 0)/((-18)/(-40029)*84/504) a prime number?
False
Let c(f) = -6*f + 41. Let x be c(6). Suppose -3*y - 4*p + 734 = -9*p, 0 = 2*y - 3*p - 491. Suppose -x*a + 6*a = y. Is a prime?
False
Suppose -4*z - u + 193 = 2*u, 3*z - 129 = 3*u. Suppose -p = -l - z - 9, -2*l = p - 49. Is p a prime number?
True
Suppose -3988863 = -272*n + 6207601. Is n a composite number?
True
Let s(v) = 9*v**3 + 3*v**2 - 4*v - 5. Let p(f) = 46*f**3 + 16*f**2 - 20*f - 26. Let z(r) = -2*p(r) + 11*s(r). Is z(5) composite?
False
Let h be (-2)/11 + (-120)/(-55). Suppose 3*x = h*i + 7, -5*x - 1 = -i - 8. Is (-120)/90 + (14450/(-3))/i a prime number?
False
Let u be 1/3 - 1298/33. Is (1541 + u)*(-2)/(-4) composite?
False
Let w(l) = -1 + 27 - 9 + 11 + 2*l - l**2. Let m be w(6). Suppose h + m = 0, -97 = -c - 2*h + 89. Is c a composite number?
True
Let m be 64/4 + (1 - -2). Let h = 25 - m. Is ((-12)/h)/((-2)/1213) composite?
False
Let f = -41 - -55. Let d be 34/f + (-3)/7. Suppose -3*o - 7*v + d*v = -7598, 0 = 5*o + v - 12656. Is o prime?
True
Let k = 31913 + -14184. Is k composite?
False
Suppose 3*p - 3*v = 311847, -3*v = 5*p + 2*v - 519725. Is p prime?
False
Suppose 0 = -133*u + 188*u - 3328105. Is u a prime number?
False
Suppose v = 3*s + 10, -4*v - 4*s - 5 = -s. Let q = v + 5. Is (1/(-4)*106)/((-1)/q) a composite number?
True
Is (3278/33)/((-2)/12468*-4) composite?
True
Let l(i) be the third derivative of i**4/24 + i**3/2 - 5*i**2. Let a be l(2). Suppose 3*b - 274 = d, 5*b + a*d = 2*d + 452. Is b prime?
False
Let j(s) = -2016*s**2 - 3*s - 3. Let m be j(-2). Let l be (m - (0 + 0))*(-4 + -1). Suppose 14300 - l = -7*h. Is h prime?
False
Suppose d + 84 = -3*m - 31, 3*d + 3*m + 339 = 0. Let p = -124 + d. Let q = 1593 + p. Is q composite?
True
Let g be ((-5)/(-50) - (-3)/(-6))*320. Let l be -260*(4 - 57/12). Let y = l + g. Is y a composite number?
False
Let h(o) = o**3 - 8*o**2 + 19*o - 16. Let t be h(5). Suppose -5*g = m - 2318, -2*m + t*m - 4678 = 4*g. Is m composite?
False
Suppose -2*l - 154 = -l. Suppose 7*d + 1509 = -1151. Let k = l - d. Is k a composite number?
True
Let g = 6008 + -12793. Let o = 9509 + g. Suppose 0 = 9*v + o - 12453. Is v prime?
False
Let d = 23 + -26. Let g = 233 - d. Suppose h + 5*s - g = 0, 2*s - 189 = -h + 32. Is h prime?
True
Suppose 5*r - 15 = 5*w, 2*r = -2*r - w + 7. Suppose -f - 1 = -r, f = -5*a + 18096. Suppose -a = 5*b - 12*b. Is b a prime number?
False
Let t = 8770 + -7287. Suppose -5*z = 2*q - 3 - 7, -2*z + 2*q + 18 = 0. Suppose -1256 = -a - 5*k, z*a - 4*k - 6435 = -t. Is a a composite number?
True
Suppose 5*m - 5*l = 85, 2*m = 4*l + 19 + 17. Suppose -2*p - 5 - 3 = -2*w, 4*p = -m. Suppose w*h - 2*h = -5*y + 4815, 0 = 5*h + 25. Is y prime?
False
Let h be 360236 - (9/15 - (-81)/15). Suppose h = 21*z - 35389. Is z a prime number?
True
Suppose -28*k + 529651 = 5*k + 131902. Is k prime?
False
Let w(m) = 35*m + 115. Let s be w(-8). Let u = s - -614. Is u prime?
True
Let t(x) = -6*x - 30. Let p be t(-5). Is 106526/14 - (0 + p + 0) prime?
False
Let n(r) = 29*r**2 + 3*r - 3. Let v(w) = -31*w**2 - 2*w + 2. Let q(u) = 5*n(u) + 4*v(u). Is q(1) composite?
True
Suppose 23*z - 22*z = -46*z + 6229474. Is z composite?
True
Suppose 2*s - 3*v = -v + 22, s - 5*v = -9. Let m be (-8)/s + (-12334)/4. Let n = -2173 - m. Is n prime?
True
Let n = 19 + 40. Suppose -2*c - 107 + n = 0. Is 3*2/c + (-5997)/(-4) a prime number?
True
Let r be 27*(0 + -1) - (2 - 4). Let w = -16 - r. Is 0 + 2/w - 6145/(-9) prime?
True
Let f(h) = 204*h**2 - 12*h + 29. Let y be 4 - (-4 + 0 - -3). Is f(y) prime?
False
Let f = 14126 - 6555. Is f a composite number?
True
Let d = -21 - -23. Suppose -2*x = -3*n - 9, 2*n = d*x - 2*n - 10. Suppose -t = -x*t + 3242. Is t a composite number?
False
Let t = 99 - 98. Is t*((-1)/(-5) + (-90258)/(-35)) a composite number?
False
Let w(z) = -z**3 - 18*z**2 + 39*z - 1085. Is w(-33) prime?
True
Let h = -19316 + 37477. Suppose 114468 = 7*u - h. Is u a prime number?
True
Let h = -91 + 67. Let n(i) = -i**2 - 25*i + 9. Is n(h) composite?
True
Suppose 0 = x - 12*c + 11*c - 15609, 0 = -2*x - 4*c + 31212. Let q = x - 2085. Is q composite?
False
Suppose 0 = 10*l - 366 - 4364. Is l a prime number?
False
Suppose -5*l - 42*t + 47*t + 31575 = 0, -4*t = -3*l + 18948. Let k = l - -7667. Is k a composite number?
True
Let y be 1 + -1 + -17 + 18. Let p be (-2)/(-5) - -134*y/(-10). Is p/((-208)/21780) + 2/(-8) composite?
False
Let q be (-20)/25*50/(-4). Suppose 8*t = q*t. Is (t - 1)/((-4)/(-8072)*-2) prime?
True
Let f(w) be the first derivative of -5*w**2 + 11*w - 1/4*w**4 - 7 - 1/3*w**3. Is f(-9) composite?
True
Let k(d) = 2*d - 4. Let a(f) = -27*f - 119. Let b(p) = a(p) - 4*k(p). Is b(-7) a composite number?
True
Suppose 5*u - 4146 = -3*t, 2 = -t + 4. Let f = -463 + u. Is f prime?
False
Let f = 142371 + -71852. Is f prime?
False
Suppose -10 = -179*z + 174*z. Is (0 + (-2)/(-6))/(z/10398) composite?
False
Suppose -4*f = 3*q + 23, -5*f + 3*f = -5*q - 21. Is (-2)/1 - (6 + 46184)/f prime?
False
Suppose -38*s + 1287767 - 236034 = 65*s. Is s a composite number?
False
Let c(y) = 26*y + 85*y + 60*y - 13*y - 199 - 18*y. Is c(27) composite?
False
Let t(w) = -3*w**3 - 7*w**2 + 58*w + 58. Let k be t(-27). Suppose -10*g + 25452 = -k. Is g composite?
False
Let l(w) = -5*w + 22*w**3 - 483 - 482 + 957 + 2*w**2. Is l(5) prime?
True
Let